{"id":18,"date":"2022-05-29T16:46:38","date_gmt":"2022-05-29T16:46:38","guid":{"rendered":"http:\/\/localhost\/kidso\/?page_id=18"},"modified":"2026-02-13T11:26:51","modified_gmt":"2026-02-13T08:26:51","slug":"iletisim","status":"publish","type":"page","link":"https:\/\/pitayaanaokulu.com\/index.php\/iletisim\/","title":{"rendered":"\u0130leti\u015fim"},"content":{"rendered":"\t\t<div data-elementor-type=\"wp-page\" data-elementor-id=\"18\" class=\"elementor elementor-18\">\n\t\t\t\t\t\t<section class=\"elementor-section elementor-top-section elementor-element elementor-element-0dfb3a6 elementor-section-full_width elementor-section-height-default elementor-section-height-default\" data-id=\"0dfb3a6\" data-element_type=\"section\" data-e-type=\"section\" data-settings=\"{&quot;background_background&quot;:&quot;classic&quot;}\">\n\t\t\t\t\t\t<div class=\"elementor-container elementor-column-gap-no\">\n\t\t\t\t\t<div class=\"elementor-column elementor-col-100 elementor-top-column elementor-element elementor-element-9f4fc82\" data-id=\"9f4fc82\" data-element_type=\"column\" data-e-type=\"column\">\n\t\t\t<div class=\"elementor-widget-wrap elementor-element-populated\">\n\t\t\t\t\t\t<div class=\"elementor-element elementor-element-9902101 elementor-widget elementor-widget-Elementor-contact-info\" data-id=\"9902101\" data-element_type=\"widget\" data-e-type=\"widget\" data-widget_type=\"Elementor-contact-info.default\">\n\t\t\t\t<div class=\"elementor-widget-container\">\n\t\t\t\t\t <!-- contact-area -->\r\n<section  class=\"contact-area after-none contact-bg pt-90 pb-60\">\r\n\r\n    <div class=\"container\">\r\n\r\n        <div class=\"row\">\r\n            <div class=\"col-lg-12\">\r\n             <div class=\"contact-info\">\r\n                                                <div class=\"single-cta pb-30 mb-30 wow fadeInUp animated\" data-animation=\"fadeInDown animated\" data-delay=\".2s\">\r\n                    <div class=\"f-cta-icon\">\r\n                        <i class=\"far fa-map\"><\/i>\r\n                    <\/div>\r\n                     <h5>Adresimiz<\/h5>\r\n                     <p>Kurttepe Mah. 83006 Sk. No:11\/1 \u00c7ukurova\/Adana<\/p>                <\/div>\r\n                               <div class=\"single-cta pb-30 mb-30 wow fadeInUp animated\" data-animation=\"fadeInDown animated\" data-delay=\".2s\">\r\n                    <div class=\"f-cta-icon\">\r\n                        <i class=\"far fa-clock\"><\/i>\r\n                    <\/div>\r\n                     <h5>\u00c7al\u0131\u015fma Saatlerimiz<\/h5>\r\n                     <p>Pazartesi 09:00 - 18:30 <br> \nCumatesi 15:30<\/p>                <\/div>\r\n                               <div class=\"single-cta pb-30 mb-30 wow fadeInUp animated\" data-animation=\"fadeInDown animated\" data-delay=\".2s\">\r\n                    <div class=\"f-cta-icon\">\r\n                        <i class=\"far fa-envelope-open\"><\/i>\r\n                    <\/div>\r\n                     <h5>Maillerimiz<\/h5>\r\n                     <p> <a href=\"#\">bilgi@pitayaanaokulu.com<\/a><br><a href=\"#\">info@pitayaanaokulu.com<\/a><\/p>                <\/div>\r\n                \r\n            <\/div>\r\n            <\/div>\r\n        <\/div>\r\n\r\n    <\/div>\r\n\r\n<\/section>\r\n<!-- contact-area-end -->\t\t\t\t<\/div>\n\t\t\t\t<\/div>\n\t\t\t\t\t<\/div>\n\t\t<\/div>\n\t\t\t\t\t<\/div>\n\t\t<\/section>\n\t\t\t\t<section class=\"elementor-section elementor-top-section elementor-element elementor-element-f4bfda5 elementor-section-full_width elementor-section-height-default elementor-section-height-default\" data-id=\"f4bfda5\" data-element_type=\"section\" data-e-type=\"section\">\n\t\t\t\t\t\t<div class=\"elementor-container elementor-column-gap-no\">\n\t\t\t\t\t<div class=\"elementor-column elementor-col-100 elementor-top-column elementor-element elementor-element-9d4f093\" data-id=\"9d4f093\" data-element_type=\"column\" data-e-type=\"column\">\n\t\t\t<div class=\"elementor-widget-wrap elementor-element-populated\">\n\t\t\t\t\t\t<div class=\"elementor-element elementor-element-6add6b4 elementor-widget elementor-widget-google_maps\" data-id=\"6add6b4\" data-element_type=\"widget\" data-e-type=\"widget\" data-widget_type=\"google_maps.default\">\n\t\t\t\t\t\t\t<div class=\"elementor-custom-embed\">\n\t\t\t<iframe loading=\"lazy\"\n\t\t\t\t\tsrc=\"https:\/\/maps.google.com\/maps?q=kurttepe%20mahallesi%20%C3%A7uvurova%20adana&#038;t=m&#038;z=14&#038;output=embed&#038;iwloc=near\"\n\t\t\t\t\ttitle=\"kurttepe mahallesi \u00e7uvurova adana\"\n\t\t\t\t\taria-label=\"kurttepe mahallesi \u00e7uvurova adana\"\n\t\t\t><\/iframe>\n\t\t<\/div>\n\t\t\t\t\t\t<\/div>\n\t\t\t\t\t<\/div>\n\t\t<\/div>\n\t\t\t\t\t<\/div>\n\t\t<\/section>\n\t\t\t\t<section class=\"elementor-section elementor-top-section elementor-element elementor-element-547bd37 elementor-section-full_width elementor-section-height-default elementor-section-height-default\" data-id=\"547bd37\" data-element_type=\"section\" data-e-type=\"section\" data-settings=\"{&quot;background_background&quot;:&quot;classic&quot;}\">\n\t\t\t\t\t\t<div class=\"elementor-container elementor-column-gap-no\">\n\t\t\t\t\t<div class=\"elementor-column elementor-col-100 elementor-top-column elementor-element elementor-element-80f17e9\" data-id=\"80f17e9\" data-element_type=\"column\" data-e-type=\"column\">\n\t\t\t<div class=\"elementor-widget-wrap elementor-element-populated\">\n\t\t\t\t\t\t<div class=\"elementor-element elementor-element-723bb16 elementor-widget elementor-widget-Elementor_contacts-widget\" data-id=\"723bb16\" data-element_type=\"widget\" data-e-type=\"widget\" data-widget_type=\"Elementor_contacts-widget.default\">\n\t\t\t\t<div class=\"elementor-widget-container\">\n\t\t\t\t\t <!-- contact-area -->\n<section id=\"contact\" class=\"contact-area after-none contact-bg pt-120 pb-120 p-relative fix\">\n     <div class=\"animations-12\"><img decoding=\"async\" src=\"https:\/\/wpdemo.zcubethemes.com\/kidso\/wp-content\/uploads\/2022\/05\/slider_shape03.png\" alt=\"https:\/\/wpdemo.zcubethemes.com\/kidso\/wp-content\/uploads\/2022\/05\/slider_shape03.png\"><\/div>\n    <div class=\"animations-13\"><img decoding=\"async\" src=\"https:\/\/wpdemo.zcubethemes.com\/kidso\/wp-content\/uploads\/2022\/06\/an-img-12.png\" alt=\"https:\/\/wpdemo.zcubethemes.com\/kidso\/wp-content\/uploads\/2022\/06\/an-img-12.png\"><\/div>\n    <div class=\"animations-14\"><img decoding=\"async\" src=\"https:\/\/wpdemo.zcubethemes.com\/kidso\/wp-content\/uploads\/2022\/05\/slider_shape02.png\" alt=\"https:\/\/wpdemo.zcubethemes.com\/kidso\/wp-content\/uploads\/2022\/05\/slider_shape02.png\"><\/div>\n    <div class=\"animations-15\"><img decoding=\"async\" src=\"https:\/\/wpdemo.zcubethemes.com\/kidso\/wp-content\/uploads\/2022\/06\/an-img-13.png\" alt=\"https:\/\/wpdemo.zcubethemes.com\/kidso\/wp-content\/uploads\/2022\/06\/an-img-13.png\"><\/div>\n    <div class=\"container\">\n\n        <div class=\"row\">\n\n             <div class=\"col-lg-6 order-1\">\n                <img decoding=\"async\" src=\"https:\/\/wpdemo.zcubethemes.com\/kidso\/wp-content\/uploads\/2022\/06\/contact-img.png\" alt=\"https:\/\/wpdemo.zcubethemes.com\/kidso\/wp-content\/uploads\/2022\/06\/contact-img.png\">\t\t\t\t\t\t\t\n            <\/div>\n            <div class=\"col-lg-6 order-2\">\n                <div class=\"contact-bg02 wow fadeInLeft  animated\">\n                <div class=\"section-title center-align\">\n                    <h5>\u0130leti\u015fime Ge\u00e7in !<\/h5>\n                    <h2>\n                        Global Vizyonla B\u00fcy\u00fcyen \u00c7ocuklar                    <\/h2>\n                <\/div>\n\n                <div class=\"contact-form mt-35\">\n                    \n<div class=\"wpcf7 no-js\" id=\"wpcf7-f2562-o1\" lang=\"en-US\" dir=\"ltr\" data-wpcf7-id=\"2562\">\n<div class=\"screen-reader-response\"><p role=\"status\" aria-live=\"polite\" aria-atomic=\"true\"><\/p> <ul><\/ul><\/div>\n<form action=\"\/index.php\/wp-json\/wp\/v2\/pages\/18#wpcf7-f2562-o1\" method=\"post\" class=\"wpcf7-form init\" aria-label=\"Contact form\" novalidate=\"novalidate\" data-status=\"init\">\n<fieldset class=\"hidden-fields-container\"><input type=\"hidden\" name=\"_wpcf7\" value=\"2562\" \/><input type=\"hidden\" name=\"_wpcf7_version\" value=\"6.1.5\" \/><input type=\"hidden\" name=\"_wpcf7_locale\" value=\"en_US\" \/><input type=\"hidden\" name=\"_wpcf7_unit_tag\" value=\"wpcf7-f2562-o1\" \/><input type=\"hidden\" name=\"_wpcf7_container_post\" value=\"0\" \/><input type=\"hidden\" name=\"_wpcf7_posted_data_hash\" value=\"\" \/>\n<\/fieldset>\n<div class=\"row\">\n\t<div class=\"col-lg-12\">\n\t\t<div class=\"contact-field p-relative c-name mb-30\">\n\t\t\t<p><span class=\"wpcf7-form-control-wrap\" data-name=\"fname\"><input size=\"40\" maxlength=\"400\" class=\"wpcf7-form-control wpcf7-text wpcf7-validates-as-required\" aria-required=\"true\" aria-invalid=\"false\" placeholder=\"First Name\" value=\"\" type=\"text\" name=\"fname\" \/><\/span>\n\t\t\t<\/p>\n\t\t<\/div>\n\t<\/div>\n\t<div class=\"col-lg-12\">\n\t\t<div class=\"contact-field p-relative c-subject mb-30\">\n\t\t\t<p><span class=\"wpcf7-form-control-wrap\" data-name=\"email\"><input size=\"40\" maxlength=\"400\" class=\"wpcf7-form-control wpcf7-email wpcf7-validates-as-required wpcf7-text wpcf7-validates-as-email\" aria-required=\"true\" aria-invalid=\"false\" placeholder=\"Email\" value=\"\" type=\"email\" name=\"email\" \/><\/span>\n\t\t\t<\/p>\n\t\t<\/div>\n\t<\/div>\n\t<div class=\"col-lg-12\">\n\t\t<div class=\"contact-field p-relative c-subject mb-30\">\n\t\t\t<p><span class=\"wpcf7-form-control-wrap\" data-name=\"tel\"><input size=\"40\" maxlength=\"400\" class=\"wpcf7-form-control wpcf7-tel wpcf7-validates-as-required wpcf7-text wpcf7-validates-as-tel\" aria-required=\"true\" aria-invalid=\"false\" placeholder=\"Phone No.\" value=\"\" type=\"tel\" name=\"tel\" \/><\/span>\n\t\t\t<\/p>\n\t\t<\/div>\n\t<\/div>\n\t<div class=\"col-lg-12\">\n\t\t<div class=\"contact-field p-relative c-message mb-30\">\n\t\t\t<p><span class=\"wpcf7-form-control-wrap\" data-name=\"message\"><textarea cols=\"40\" rows=\"10\" maxlength=\"2000\" class=\"wpcf7-form-control wpcf7-textarea wpcf7-validates-as-required\" aria-required=\"true\" aria-invalid=\"false\" placeholder=\"Write Comments\" name=\"message\"><\/textarea><\/span>\n\t\t\t<\/p>\n\t\t<\/div>\n\t\t<div class=\"slider-btn\">\n\t\t\t<p><button class=\"btn ss-btn active\" data-animation=\"fadeInRight\" data-delay=\".8s\">Submint Now<\/button>\n\t\t\t<\/p>\n\t\t<\/div>\n\t<\/div>\n<\/div><div class=\"wpcf7-response-output\" aria-hidden=\"true\"><\/div>\n<\/form>\n<\/div>\n                <\/div>\n\n                <\/div>\n\n            <\/div>\n        <\/div>\n\n    <\/div>\n\n<\/section>\n<!-- contact-area-end -->\t\t\t\t<\/div>\n\t\t\t\t<\/div>\n\t\t\t\t\t<\/div>\n\t\t<\/div>\n\t\t\t\t\t<\/div>\n\t\t<\/section>\n\t\t\t\t<\/div>\n\t\t","protected":false},"excerpt":{"rendered":"","protected":false},"author":1,"featured_media":0,"parent":0,"menu_order":0,"comment_status":"closed","ping_status":"closed","template":"inside.php","meta":{"footnotes":""},"class_list":["post-18","page","type-page","status-publish","hentry"],"_links":{"self":[{"href":"https:\/\/pitayaanaokulu.com\/index.php\/wp-json\/wp\/v2\/pages\/18","targetHints":{"allow":["GET"]}}],"collection":[{"href":"https:\/\/pitayaanaokulu.com\/index.php\/wp-json\/wp\/v2\/pages"}],"about":[{"href":"https:\/\/pitayaanaokulu.com\/index.php\/wp-json\/wp\/v2\/types\/page"}],"author":[{"embeddable":true,"href":"https:\/\/pitayaanaokulu.com\/index.php\/wp-json\/wp\/v2\/users\/1"}],"replies":[{"embeddable":true,"href":"https:\/\/pitayaanaokulu.com\/index.php\/wp-json\/wp\/v2\/comments?post=18"}],"version-history":[{"count":7,"href":"https:\/\/pitayaanaokulu.com\/index.php\/wp-json\/wp\/v2\/pages\/18\/revisions"}],"predecessor-version":[{"id":2893,"href":"https:\/\/pitayaanaokulu.com\/index.php\/wp-json\/wp\/v2\/pages\/18\/revisions\/2893"}],"wp:attachment":[{"href":"https:\/\/pitayaanaokulu.com\/index.php\/wp-json\/wp\/v2\/media?parent=18"}],"curies":[{"name":"wp","href":"https:\/\/api.w.org\/{rel}","templated":true}]}}